{"id":89,"date":"2024-11-21T07:47:26","date_gmt":"2024-11-21T07:47:26","guid":{"rendered":"https:\/\/huahingifts.com\/?post_type=product&#038;p=89"},"modified":"2024-12-06T20:18:33","modified_gmt":"2024-12-06T13:18:33","slug":"geburtstag-maedchen","status":"publish","type":"product","link":"https:\/\/huahingifts.com\/?product=geburtstag-maedchen","title":{"rendered":"Geburtstag M\u00e4dchen"},"content":{"rendered":"<p>Sch\u00f6ne Geschenkidee zum Geburtstag oder f\u00fcr andere Anl\u00e4sse (Schlaufe &#8222;Happy Birthday&#8220; nat\u00fcrlich austauschbar).<\/p>\n<p>Du kannst die Plastikr\u00f6hrchen selbst mit gerollten Geldscheinen best\u00fccken. Ganz wie du magst.<\/p>\n<p>Wird in der Plasikbox geliefert, wie abgebildet.<\/p>\n<p>LED Beleuchtung inklusive.<\/p>\n<p>&nbsp;<\/p>\n","protected":false},"excerpt":{"rendered":"<p>mit 15 oder\u00a0 25 R\u00f6hrchen zum Best\u00fccken mit Geldscheinen<\/p>\n","protected":false},"featured_media":51,"comment_status":"open","ping_status":"closed","template":"","meta":[],"product_brand":[],"product_cat":[32],"product_tag":[],"class_list":{"0":"post-89","1":"product","2":"type-product","3":"status-publish","4":"has-post-thumbnail","6":"product_cat-geburtstag","8":"first","9":"instock","10":"shipping-taxable","11":"purchasable","12":"product-type-variable"},"_links":{"self":[{"href":"https:\/\/huahingifts.com\/index.php?rest_route=\/wp\/v2\/product\/89","targetHints":{"allow":["GET"]}}],"collection":[{"href":"https:\/\/huahingifts.com\/index.php?rest_route=\/wp\/v2\/product"}],"about":[{"href":"https:\/\/huahingifts.com\/index.php?rest_route=\/wp\/v2\/types\/product"}],"replies":[{"embeddable":true,"href":"https:\/\/huahingifts.com\/index.php?rest_route=%2Fwp%2Fv2%2Fcomments&post=89"}],"wp:featuredmedia":[{"embeddable":true,"href":"https:\/\/huahingifts.com\/index.php?rest_route=\/wp\/v2\/media\/51"}],"wp:attachment":[{"href":"https:\/\/huahingifts.com\/index.php?rest_route=%2Fwp%2Fv2%2Fmedia&parent=89"}],"wp:term":[{"taxonomy":"product_brand","embeddable":true,"href":"https:\/\/huahingifts.com\/index.php?rest_route=%2Fwp%2Fv2%2Fproduct_brand&post=89"},{"taxonomy":"product_cat","embeddable":true,"href":"https:\/\/huahingifts.com\/index.php?rest_route=%2Fwp%2Fv2%2Fproduct_cat&post=89"},{"taxonomy":"product_tag","embeddable":true,"href":"https:\/\/huahingifts.com\/index.php?rest_route=%2Fwp%2Fv2%2Fproduct_tag&post=89"}],"curies":[{"name":"wp","href":"https:\/\/api.w.org\/{rel}","templated":true}]}}