{"id":442,"date":"2024-11-22T16:48:58","date_gmt":"2024-11-22T09:48:58","guid":{"rendered":"https:\/\/huahingifts.com\/?post_type=product&#038;p=442"},"modified":"2024-12-06T20:12:59","modified_gmt":"2024-12-06T13:12:59","slug":"blumenstrauss-mit-geldscheinen","status":"publish","type":"product","link":"https:\/\/huahingifts.com\/?product=blumenstrauss-mit-geldscheinen","title":{"rendered":"Blumenstrau\u00df mit Geldscheinen"},"content":{"rendered":"<p>Dieser wundersch\u00f6ne Blumenstrauss aus Geldscheinen ist f\u00fcr jeden Anla\u00df geeignet.<\/p>\n<p>Der Strau\u00df kann flexibel gestaltet werden (Nach Gr\u00f6\u00dfe, Anzahl, Banknoten). Du kannst uns informieren wieviele Geldscheine du m\u00f6chtest und in welcher Gr\u00f6\u00dfe (z.B 20 Bl\u00fcten mit je 100 THB oder 25 Bl\u00fcten mit je 20 THB, etc).<\/p>\n<p>Der Grundpreis startet bei 500 THB (zzgl. Summe der Geldscheine).<\/p>\n","protected":false},"excerpt":{"rendered":"<p>Dieser -flexible- wundersch\u00f6ne Blumenstrauss aus Geldscheinen ist f\u00fcr jeden Anla\u00df geeignet.<\/p>\n<p>Der Grundpreis startet bei 500 THB (zzgl. Summe der Geldscheine).<\/p>\n","protected":false},"featured_media":68,"comment_status":"open","ping_status":"closed","template":"","meta":[],"product_brand":[],"product_cat":[32,29,27,30],"product_tag":[],"class_list":{"0":"post-442","1":"product","2":"type-product","3":"status-publish","4":"has-post-thumbnail","6":"product_cat-geburtstag","7":"product_cat-liebe","8":"product_cat-valentin","9":"product_cat-verschiedenes","11":"first","12":"instock","13":"shipping-taxable","14":"purchasable","15":"product-type-simple"},"_links":{"self":[{"href":"https:\/\/huahingifts.com\/index.php?rest_route=\/wp\/v2\/product\/442","targetHints":{"allow":["GET"]}}],"collection":[{"href":"https:\/\/huahingifts.com\/index.php?rest_route=\/wp\/v2\/product"}],"about":[{"href":"https:\/\/huahingifts.com\/index.php?rest_route=\/wp\/v2\/types\/product"}],"replies":[{"embeddable":true,"href":"https:\/\/huahingifts.com\/index.php?rest_route=%2Fwp%2Fv2%2Fcomments&post=442"}],"wp:featuredmedia":[{"embeddable":true,"href":"https:\/\/huahingifts.com\/index.php?rest_route=\/wp\/v2\/media\/68"}],"wp:attachment":[{"href":"https:\/\/huahingifts.com\/index.php?rest_route=%2Fwp%2Fv2%2Fmedia&parent=442"}],"wp:term":[{"taxonomy":"product_brand","embeddable":true,"href":"https:\/\/huahingifts.com\/index.php?rest_route=%2Fwp%2Fv2%2Fproduct_brand&post=442"},{"taxonomy":"product_cat","embeddable":true,"href":"https:\/\/huahingifts.com\/index.php?rest_route=%2Fwp%2Fv2%2Fproduct_cat&post=442"},{"taxonomy":"product_tag","embeddable":true,"href":"https:\/\/huahingifts.com\/index.php?rest_route=%2Fwp%2Fv2%2Fproduct_tag&post=442"}],"curies":[{"name":"wp","href":"https:\/\/api.w.org\/{rel}","templated":true}]}}